= x + 1. Let t = 6 + -2. Let b be z(t). Give a(b).
6
Let v(u) be the second derivative of -u**3/3 - 2*u**2 - u. Let t = 155 + -152. Calculate v(t).
-10
Let v = 31 + -37. Let h(d) = -d**3 - 6*d**2 - 6. Calculate h(v).
-6
Let r(q) = -9*q**3 - q - 1. Let b be (6/9)/((-6)/(-27)). Suppose 4*h - b = -11. Let t = -3 - h. What is r(t)?
9
Let w(y) = -y**2 - 4*y - 2. Let v(a) = -a - 5 + 3*a**2 + 0 + 4. Let p be v(-1). Suppose p*t + 17 = -5*r, -2*r - 2 = 2*t + 4. Calculate w(r).
-2
Let v(h) = h - 6. Let q(i) = -i**3 - 5*i**2 + 7*i + 9. Let j = -14 + 8. Let m be q(j). What is v(m)?
-3
Let d(b) = -7*b**2 - 5*b + 5. Let m(f) = 15*f**2 + 10*f - 11. Let p(i) = -13*d(i) - 6*m(i). Determine p(-7).
15
Suppose 3*p - 2*q + 18 = 0, 2*q = 5*p - q + 29. Let k(y) = -2*y - 3. Give k(p).
5
Suppose 2*f - 3*f = -2. Let m(t) = 1 - 1308*t - 4 + 1310*t. What is m(f)?
1
Let z(i) = -6*i**2 - 1 + 2 + 5*i**2 - 6*i - 3. Let o = -4 + 7. Suppose 2*p - o*p - 4 = 0. Determine z(p).
6
Let g(y) be the first derivative of -y**3/3 + y**2 + 3*y - 4. Determine g(4).
-5
Let d(o) = o - 3. Let s be (6/(-4))/(9/(-240)). Suppose 1 = z + 2*k, z - 5*z + k = -s. Suppose -x = -4*x - z. Calculate d(x).
-6
Let a(i) = 4*i**2 - 3*i**2 + 7 + 0. Suppose -5*r = -8*r. Suppose -4*p - 2*p = r. What is a(p)?
7
Let o(k) = -k**2 + k. Let y be o(0). Let v(u) = u**2. Let x(s) = 2*s**2 - s - 1. Let n(h) = 3*v(h) - x(h). Determine n(y).
1
Let a(h) = 6*h - 44. Let g be a(6). Let l(v) = v + 1. Let y(w) = -5*w + 3. Let c(u) = -6*l(u) - y(u). Let r be c(g). Let t(p) = -7*p + 1. What is t(r)?
8
Let k be -2 - ((-15)/1 + -1). Let n be -2 + 0 + k/2. Let o(m) = m - 4. What is o(n)?
1
Let g(f) = f**2 - 4*f - 10. Suppose 0*h + 4*h = 0. Suppose -3*t - 2*a + 11 = h, -4*t + 3*a - 20 = -9*t. Determine g(t).
11
Suppose 0 = -0*c - 2*c - 5*l + 15, 5*c - 4*l + 12 = 0. Let h be (-2)/2 + -1 - c. Let m(r) = 0*r - 3*r - 1 - 2*r**2 + 5*r**2 + r**3. Determine m(h).
9
Let k(r) = r + 6. Let j = 94 + -94. Calculate k(j).
6
Let g(z) = -z + 1. Let i(u) = 2*u - 14. Let k(q) = 3*g(q) + i(q). Let r = -61 - 31. Let a be r/20 - (-2)/(-5). Give k(a).
-6
Let r(s) = s**3 - 10*s**2 - s + 8. Let v be r(10). Let q(l) = -l**3 + 2*l + 3. Let j be q(v). Suppose 15 = -4*u + j. Let a(w) = -2*w**2 - w + 1. Determine a(u).
-5
Let v(p) = 8 - 7 + 0*p - 2*p. Give v(2).
-3
Let x(u) = u**3 + 3*u**2 - 4*u - 4. Suppose -5*a + 72 = -a. Let c = 14 - a. Determine x(c).
-4
Suppose 2*y - 5*x + 33 = 0, 3*y - 4 + 1 = -3*x. Let t(a) = -a**2 - a + 1. Let z(b) = 3*b**2 - 2*b - 10. Let n(f) = 5*t(f) + z(f). Calculate n(y).
-9
Let o(f) = 5*f**2 + 2*f + 1. Let g(s) be the second derivative of s**5/20 - 5*s**4/12 + s**3/6 - 3*s**2 + 2*s. Let p be g(5). Calculate o(p).
4
Let p be 55/(-30) + 2 - (-74)/(-12). Let v(r) = r + 4. Give v(p).
-2
Let k(w) be the first derivative of w**5/60 - 5*w**3/6 + w**2/2 - 2. Let t(a) be the second derivative of k(a). What is t(0)?
-5
Let r be (1*2/2)/1. Let j(s) = -3*s**2 - s + 1. Let f(i) = -4*i + 1. Let d be f(-1). Let a(b) = -b**3 + 5*b**2 + 2*b - 2. Let g(n) = d*j(n) + 3*a(n). Give g(r).
-3
Let a(n) = 3*n**3 - 10*n**2 - 7*n - 7. Let y(k) = -k**3 + 5*k**2 + 3*k + 4. Let c(o) = 2*a(o) + 5*y(o). Determine c(-5).
1
Let s(u) = -u**3 + 3*u**2 - 2*u + 2. Let c be s(2). Let d(p) = 2*p - c*p**2 + 6*p**2 + 5*p - 5*p + 1 + p**3. Give d(-4).
-7
Let g(x) = 0*x - 2*x**2 - 5 + 3 + 2*x. Suppose -2*u = 8, 2*i + 10 = -i - u. Let j be (-1)/(i/4 + 0). What is g(j)?
-6
Let c(g) = 8*g**3 + 2*g**2 - 1. Suppose 0 = -3*r + 2*i + 5, 0 = 4*r - 6*i + 2*i - 8. Give c(r).
9
Let k(r) = -3*r**3 - r**2 + 3*r + 6. Let o(q) = -q**3 + q + 1. Let a(f) = -k(f) + 4*o(f). Suppose 4 = 3*s - 2. What is a(s)?
-4
Let u(j) = -j. Let w(p) = -p + 1. Let y(t) = u(t) - 2*w(t). What is y(-5)?
-7
Let x be 2/(3*4/(-30)). Let p = x + 4. Let a(o) = 6*o**3 - o**2 - 2*o - 1. Determine a(p).
-6
Let w(i) = 2*i**3 + 14*i**2 + 13*i - 1. Let h(z) = 5*z**3 + 40*z**2 + 38*z - 2. Let j(q) = -3*h(q) + 8*w(q). Calculate j(9).
-11
Let x(p) = -p**3 - 5*p**2 + 4*p - 10. Let k be x(-6). Let i(r) = -3*r - 1. Give i(k).
-7
Let y = 25 + -18. Let n(x) = -x**2 + 7*x - 3. What is n(y)?
-3
Let v(w) = w - 4*w**3 - 3*w**3 - 5*w**3. What is v(1)?
-11
Suppose -3*s + 21 = c, 0 = 5*c + 4*s - 40 - 21. Let h be (-1 - -17)*c/18. Let n(y) = y - 9. Calculate n(h).
-1
Let l(x) = 35*x**3 + 2*x**2 + 1 - 36*x**3 - 4 + 3*x. Give l(3).
-3
Let n(v) be the third derivative of -v**4/24 - v**3/6 - 11*v**2. Determine n(-3).
2
Let p(l) = -l. Let q be 15/(-6)*(-6)/3. Give p(q).
-5
Suppose j - 5*j = -8. Let n be j*(0 + 0 + -3). Let b(s) = -s**2 - 7*s - 3. Determine b(n).
3
Let j(m) = -4*m**2 + 5*m + 1. Let t(r) = -r**2 + r. Let p(u) = -j(u) + 5*t(u). Give p(-1).
-2
Let y be (-2 + 3)/(1/2). Let n(d) = d**2 + 4 + 0*d - 9*d + 0*d + y*d. Determine n(5).
-6
Let x(k) = -k**3 - 3*k**2 + k - 1. Let y be -1*4 + (-21 - -23). Give x(y).
-7
Let y(l) = l**2 - 4*l + 2. Let z be y(4). Let n(j) = 4*j**2 + 0 + 3 - 4 + j + 2*j**z. Give n(1).
6
Let o(j) = -j**2 - j + 1. Let k(s) = 4*s**2 + 9*s - 5. Let l(v) = -k(v) - 3*o(v). Let g be l(-6). Let r(m) = m**3 + m**2 - 2*m. Calculate r(g).
8
Let o(q) be the first derivative of q**5/60 - q**4/12 - q**3/2 + 5*q**2 + 9. Let u(f) be the second derivative of o(f). Give u(3).
0
Let o be (-4)/10 - 6/(-15). Let z(t) = -1 + t + o*t - 1. Let b be ((-4)/6)/(2/(-15)). Determine z(b).
3
Let s(o) = o**3 - 5*o**2 - 2. Suppose -6*c + 4*c - 2 = 0. Let x be (6 - -2) + 3*c. What is s(x)?
-2
Suppose 3*d - 12 = -d. Let p(w) = -5*w**2 + 2. Let y(r) = 11*r**2 - 4. Let a(o) = -9*p(o) - 4*y(o). Determine a(d).
7
Let r(n) = -2*n**2 - 15*n - 6. Let l be r(-7). Let k(a) = 5*a + 3. Let z(g) = -6*g - 4. Let f(y) = -3*k(y) - 2*z(y). Give f(l).
-4
Let g(f) = 8*f + 6. Let x(n) = -15*n - 11. Let v(c) = -11*g(c) - 6*x(c). Give v(-1).
-2
Let n(i) = 12*i**2 + 5*i. Let k(a) = 13*a**2 + 6*a. Let y(g) = 5*k(g) - 6*n(g). Calculate y(1).
-7
Let s(o) be the third derivative of -o**5/60 + o**3/3 + 12*o**2. Give s(-2).
-2
Let g(v) be the second derivative of v**3/6 - v**2/2 + 2*v. Let z be g(0). Let q(j) be the first derivative of -2*j**2 - j - 4. Calculate q(z).
3
Let t(q) = 5*q + 2. Let z = 14 - 17. Let f(d) = 6*d + 3. Let g(b) = z*f(b) + 4*t(b). What is g(-1)?
-3
Let d(b) = b**3 - 3*b**2 - 3*b + 1. Let o be d(4). Let x(z) = 4 - 4*z + 7*z - 6*z + 4*z. Calculate x(o).
9
Let s be ((-10)/(-12) + 0)*6. Let i(o) = -o**2 + s*o - 5*o - 5*o**3 + 1. Let v(y) = -y - 1. Let a be v(-2). What is i(a)?
-5
Let q(w) = 2*w - 1 + 0 - 1. Determine q(3).
4
Let g(b) = b**3 - 4*b**2 - 7*b + 7. Suppose 7*w - 4 = 6*w. Suppose w*k = 2*j + 12, 3*j - 7*j + 11 = -k. Determine g(k).
-3
Let o(z) = -9*z - 15. Let a be o(-2). Let f(q) = -4*q + 3*q**2 - 2*q**2 - 2*q**2 + q**3. Determine f(a).
6
Let t(z) = -z**3 + 7*z**2 - 6*z - 6. Let p = 47 + -42. Determine t(p).
14
Let y(z) be the second derivative of z**3/6 + z**2/2 + 21*z. Give y(2).
3
Let b(a) = a**3 + 5*a**2 - 6*a - 7. Let m(h) = -h**3 + h**2 - h + 3. Let o be m(0). Let f be 1/(o - 76/24). Calculate b(f).
-7
Let q(c) be the second derivative of 5*c**4/12 + c**3/6 + c. Determine q(-1).
4
Let i(c) = c**3 + 6*c**2 - 7*c - 6. Let a be 2/(-3) - 14/(-21). Let r be (22 - 8)/(-2 - a). Determine i(r).
-6
Suppose 2*s - 6*s - 22 = -3*l, -2*l = s - 22. Suppose -y - l = 4*y. Let i be (3/5)/(y/(-10)). Let o(b) = -2*b**2 + 3*b + 2. Determine o(i).
-7
Let u(r) = r**2 + 4*r + 3. Suppose -10 = -4*j - 30. Give u(j).
8
Let x(z) be the third derivative of -z**9/60480 - z**8/6720 + z**7/1680 + z**6/144 - z**5/30 + 3*z**2. Let h(a) be the third derivative of x(a). Give h(-4).
9
Let g(l) = -l + 6. Suppose 3*n = -3*r + 24, 2*r - 26 = -6*n + 2*n. Suppose n*c - 96 = c. Suppose 2 = -v, 0 = 5*w - 4*v - 57 + c. What is g(w)?
1
Let b(u) be the third derivative of u**6/120 + u**5/30 - u**4/8 - u**3/6 - 3*u**2. Let q be b(-3). Let m(v) = 2 - v - 4*v**2 + 0 - 3. Give m(q).
-4
Suppose 0 = -2*h - 2*v + 10, -11 = 2*h + v - 6*v. Let s(d) = -d + d - d**h. Determine s(2).
-4
Suppose -8 = -2*u - 0. Suppose 5*s - 5*o + 1 = -u, 5*o - 20 = 0. Let p(a) = a + 1. What is p(s)?
4
Let b(d) = 3*d**2 + 7*d + 3. Let i(l) = 5*l**2 + 11*l + 4. Let w(u) = -8*b(u) + 5*i(u). Let n = 84 + -81. Calculate w(n).
2
Let o(p) = p - 4*p**2 - 3*p**2 + p**2 - 2*p**2. Let n(k) = k**2. Let h(a) = 4*n(a